t common divisor of 10 and 8330.
10
Calculate the greatest common factor of 1625 and 65.
65
Calculate the highest common factor of 9 and 1.
1
Calculate the highest common divisor of 1098 and 18.
18
What is the highest common divisor of 5278 and 42?
14
Calculate the highest common divisor of 909 and 9.
9
Calculate the highest common divisor of 1100 and 20.
20
What is the highest common divisor of 16 and 36?
4
What is the greatest common divisor of 800 and 50?
50
Calculate the highest common divisor of 12 and 1356.
12
What is the highest common divisor of 75 and 120?
15
What is the highest common factor of 13 and 754?
13
What is the greatest common divisor of 338 and 143?
13
What is the highest common divisor of 68 and 306?
34
Calculate the highest common factor of 236 and 1829.
59
Calculate the greatest common factor of 40 and 1448.
8
Calculate the highest common factor of 8625 and 69.
69
Calculate the greatest common factor of 6 and 39.
3
Calculate the highest common factor of 4 and 796.
4
What is the highest common factor of 15 and 960?
15
Calculate the greatest common divisor of 535 and 749.
107
Calculate the highest common divisor of 374 and 34.
34
What is the highest common divisor of 707 and 101?
101
What is the greatest common divisor of 22545 and 167?
167
Calculate the greatest common divisor of 91 and 259.
7
Calculate the greatest common divisor of 520 and 360.
40
Calculate the greatest common factor of 364 and 2828.
28
Calculate the greatest common divisor of 152 and 32.
8
What is the greatest common divisor of 42 and 1044?
6
Calculate the highest common divisor of 1587 and 69.
69
What is the highest common divisor of 212 and 583?
53
What is the highest common divisor of 216 and 12?
12
What is the greatest common factor of 9 and 300?
3
Calculate the highest common divisor of 341 and 124.
31
What is the greatest common divisor of 266 and 98?
14
Calculate the highest common divisor of 162 and 387.
9
What is the greatest common factor of 87 and 87?
87
Calculate the highest common divisor of 39 and 377.
13
What is the highest common factor of 16 and 592?
16
What is the highest common factor of 12 and 150?
6
Calculate the highest common divisor of 18 and 5598.
18
What is the highest common factor of 129 and 3?
3
What is the highest common factor of 2 and 3?
1
What is the highest common factor of 49 and 4144?
7
Calculate the greatest common factor of 814 and 154.
22
What is the highest common divisor of 1570 and 10?
10
What is the greatest common factor of 11 and 14443?
11
Calculate the highest common factor of 75 and 15.
15
Calculate the greatest common divisor of 123 and 3936.
123
Calculate the highest common divisor of 62 and 1488.
62
What is the highest common factor of 14 and 14?
14
What is the greatest common factor of 2295 and 340?
85
Calculate the greatest common divisor of 60 and 1920.
60
What is the highest common factor of 231 and 539?
77
What is the greatest common factor of 3741 and 645?
129
Calculate the greatest common divisor of 660 and 165.
165
Calculate the highest common factor of 9 and 6.
3
Calculate the highest common factor of 156 and 5187.
39
Calculate the greatest common divisor of 31 and 10447.
31
What is the greatest common divisor of 35 and 655?
5
Calculate the highest common divisor of 190 and 530.
10
What is the greatest common divisor of 11 and 1606?
11
Calculate the greatest common factor of 1616 and 40.
8
What is the highest common divisor of 23 and 161?
23
Calculate the greatest common divisor of 5 and 2515.
5
What is the highest common divisor of 4 and 148?
4
Calculate the greatest common divisor of 582 and 32.
2
What is the highest common factor of 529 and 23?
23
What is the highest common divisor of 14 and 3514?
14
Calculate the highest common divisor of 28375 and 227.
227
What is the highest common divisor of 816 and 36?
12
What is the greatest common divisor of 483 and 63?
21
Calculate the highest common factor of 156 and 52.
52
Calculate the greatest common factor of 820 and 2180.
20
What is the greatest common divisor of 24 and 6?
6
Calculate the highest common divisor of 1562 and 1.
1
What is the greatest common divisor of 1232 and 396?
44
What is the highest common divisor of 801 and 623?
89
What is the highest common divisor of 5390 and 110?
110
Calculate the highest common factor of 272 and 16.
16
Calculate the highest common factor of 84 and 1029.
21
Calculate the highest common factor of 3382 and 114.
38
What is the highest common divisor of 210 and 21490?
70
Calculate the greatest common factor of 18 and 118.
2
What is the highest common factor of 168 and 343?
7
What is the greatest common factor of 17085 and 15?
15
Calculate the greatest common divisor of 390 and 95.
5
What is the highest common divisor of 150 and 24?
6
What is the highest common divisor of 64 and 23104?
64
What is the greatest common factor of 314 and 78500?
314
Calculate the highest common factor of 12 and 220.
4
What is the greatest common divisor of 48 and 732?
12
What is the greatest common divisor of 208 and 32?
16
Calculate the highest common factor of 24 and 1776.
24
Calculate the highest common divisor of 30 and 252.
6
Calculate the greatest common divisor of 785 and 1256.
157
What is the greatest common factor of 6756 and 36?
12
What is the highest common divisor of 1719 and 9?
9
Calculate the highest common factor of 72 and 504.
72
Calculate the greatest common divisor of 90 and 5505.
15
Calculate the highest common divisor of 154 and 5313.
77
Calculate the greatest common factor of 77 and 231.
77
What is the greatest common factor of 99 and 38808?
99
What is the greatest common factor of 102 and 1581?
51
Calculate the greatest common divisor of 256 and 992.
32
Calculate the highest common divisor of 56 and 448.
56
What is the greatest common divisor of 128 and 1088?
64
What is the greatest common factor of 190 and 70?
10
Calculate the highest common factor of 702 and 108.
54
Calculate the greatest common factor of 17 and 391.
17
Calculate the greatest common divisor of 9464 and 7.
7
Calculate the greatest common factor of 51 and 12.
3
Calculate the greatest common divisor of 327 and 3.
3
Calculate the greatest common factor of 1377 and 102.
51
Calculate the highest common factor of 7452 and 36.
36
What is the greatest common factor of 48 and 432?
48
What is the highest common factor of 126 and 144?
18
What is the highest common factor of 1855 and 45?
5
What is the highest common divisor of 3340 and 60?
20
Calculate the highest common divisor of 21442 and 142.
142
Calculate the greatest common divisor of 38 and 4864.
38
Calculate the highest common factor of 8865 and 10.
5
What is the greatest common factor of 595 and 35?
35
What is the greatest common divisor of 255 and 595?
85
What is the highest common factor of 27 and 6858?
27
What is the highest common factor of 1617 and 99?
33
What is the highest common factor of 663 and 78?
39
What is the greatest common factor of 9462 and 114?
114
Calculate the greatest common factor of 93 and 41757.
93
Calculate the highest common factor of 2790 and 240.
30
What is the greatest common divisor of 1212 and 48?
12
What is the greatest common factor of 4090 and 30?
10
Calculate the greatest common factor of 1749 and 66.
33
Calculate the greatest common divisor of 8 and 1096.
8
What is the greatest common divisor of 456 and 2888?
152
What is the highest common divisor of 3 and 123?
3
What is the greatest common factor of 11900 and 34?
34
What is the highest common divisor of 115 and 391?
23
What is the greatest common factor of 24042 and 6?
6
What is the greatest common factor of 33 and 471?
3
What is the highest common divisor of 408 and 561?
51
What is the highest common factor of 208 and 26?
26
What is the highest common factor of 11 and 176?
11
Calculate the greatest common divisor of 45 and 27.
9
Calculate the highest common factor of 414 and 92.
46
Calculate the highest common factor of 2794 and 3302.
254
Calculate the highest common factor of 16130 and 10.
10
What is the highest common divisor of 666 and 36?
18
Calculate the highest common divisor of 256 and 464.
16
Calculate the highest common divisor of 149 and 1.
1
What is the highest common divisor of 2 and 362?
